7 + 6*a. Let c(u) = 5*m(u) + 6*o(u). Is c(-15) composite?
False
Let h = -5673 + 16190. Is h a prime number?
False
Suppose -710 = -0*m + 5*m. Let h = m + 269. Is h prime?
True
Let g(y) be the second derivative of -y**5/20 - y**4/2 + 7*y**3/6 - 2*y**2 - 12*y. Let t be g(-7). Is (-1 - (t - -1)) + 345 composite?
False
Let k(f) = 15*f**2 - 21*f - 8. Let v(c) = -8*c**2 + 11*c + 4. Let b(w) = -6*k(w) - 11*v(w). Let q be b(4). Is q/36 - (-605)/9 a prime number?
True
Let l(i) = -i**3 - 2*i**2 + 2*i. Let y be l(-2). Is y/(8/(-1314)) + 2 composite?
False
Let c(r) = r**2 + 3*r + 1. Let m(v) be the first derivative of -7*v**3/3 - v**2/2 + 5. Let x be m(-1). Is c(x) composite?
False
Is 23721/7 + (-14)/(-49) a composite number?
False
Is (99 - -388)*(-1)/(-2)*4 prime?
False
Let n = -56089 + 83532. Is n a prime number?
False
Let o = -53 + 35. Is o/135 + (-6287)/(-15) composite?
False
Suppose 5 - 11 = -2*j - 4*a, 0 = -j + 2*a + 7. Is -1*j + 20592/26 a composite number?
False
Let k(y) = -7*y**2 + 14*y + 6. Let i be k(-9). Let w = i + 1186. Is w a prime number?
True
Let n be (10 - 15)*(-1 - 0). Suppose 14 = n*b + 2*s - 3*s, 2*b + 2*s = 8. Suppose -2*c + 540 = b*c + 5*x, 3*c + 2*x = 325. Is c a prime number?
True
Let h = -22 + 81. Suppose 4*y + h = 3415. Is y a prime number?
True
Let f(i) be the third derivative of 5*i**4/24 - 2*i**3/3 + 7*i**2. Let n be f(-3). Is ((-22)/(-6))/(n/(-4731)) a prime number?
False
Let y be -1 - ((-4)/6)/(8/96). Suppose 50 = -2*o + y*o. Is o a composite number?
True
Suppose 40*l = 133 + 10467. Is l prime?
False
Let f be ((-4)/14)/(3/(-21)). Let q(m) = m**2 - 3*m + 3. Let s be q(2). Is (-5 + 12)/(s/f) composite?
True
Suppose -25*t = -35*t + 3890. Is t prime?
True
Let t = 54829 - 23738. Is t a composite number?
False
Let q = -2949 - -774. Let j = q + 1189. Is (-20)/(-90) - j/18 prime?
False
Let m be 0 + (-2 - -8 - 0). Suppose 13*x + 5254 = -1870. Is (x/6)/(m/(-45)) a prime number?
False
Let i(g) = 25*g**2 - 9*g - 9. Let o(m) = 1 + 0 + 12*m - 11*m - m**2. Let y(z) = i(z) + 6*o(z). Is y(-2) composite?
False
Suppose -1 = 7*s + 41. Let m be (-2)/s + (-102)/(-18). Suppose m*u - 138 = 48. Is u a composite number?
False
Let g(p) = p**2 + 19*p + 13. Let h be g(-20). Let w = h + 22. Is w prime?
False
Suppose 5*x + 2*g - 1234 = 0, -5*x = -2*g - 3*g - 1220. Let s = x + -618. Let h = 521 + s. Is h prime?
True
Let g(t) = 320*t**2 - 2*t - 63. Is g(-10) a prime number?
True
Let m = 144 + -132. Suppose -m*q = -9*q - 3489. Is q a composite number?
False
Let u(m) = 896*m**2 - m + 9. Let l be u(-3). Is 8*5/6*l/16 a prime number?
False
Let j(r) = -r**3 + 13*r**2 - 12*r - 17. Let h be j(12). Is h/68 + (-1018)/(-8) composite?
False
Let j = 7677 + -4816. Is j prime?
True
Let a(x) = 3*x**3 - x - 3*x**2 + 23*x**3 - 9*x**3. Is a(5) composite?
True
Let y(j) = 535*j - 150. Is y(13) a prime number?
False
Is ((-2)/4)/(28/(-649432)) - -2 a prime number?
False
Let t(a) = a**3 + 17*a**2 + 18*a - 11. Is t(-13) composite?
False
Suppose -u - 48 = 3*j, 0 = 3*u - 5*j - 0*j + 74. Let l = u - -350. Is l a prime number?
True
Suppose -13606 = 15*v - 238141. Is v a composite number?
False
Is (6 - (-414)/(-63)) + 643263/21 a prime number?
True
Let i(b) = -b**3 - 7*b**2 - b + 11. Let w = 11 - 34. Let h = w - -15. Is i(h) composite?
False
Let y(w) = 3*w - 9. Let q be y(4). Suppose 3*h - i - 11729 = q*i, 5*h - i = 19537. Is h a composite number?
False
Let i = 43027 + -18525. Is i a prime number?
False
Suppose -45*j - 708 = -57*j. Is j a composite number?
False
Let l = 9200 + -5509. Is l composite?
False
Let w = 42 + 21. Suppose 2*k - 5*k + w = 0. Is k composite?
True
Suppose -2*x + g = x + 969, -3*x - 5*g - 969 = 0. Let d = x - -611. Suppose 3*y - d = 591. Is y a composite number?
False
Let h = 276 + -735. Let f = h - -794. Is f prime?
False
Suppose -o + 80076 = 3*o. Is o a composite number?
True
Suppose -30546 = -4*x - 5*g, x = 4*x - 5*g - 22927. Is x composite?
False
Suppose 0 = u - 1 - 3. Suppose u*z - 3115 = -z. Let s = z + -364. Is s a composite number?
True
Let r(p) = -2*p**2 + 6*p - 6. Let g be r(8). Let i = -42 - g. Let z = 91 - i. Is z prime?
True
Let a = 48743 + -33298. Is a a prime number?
False
Suppose -127 - 21 = -4*z. Let i = z - -30. Is i a prime number?
True
Is 20569 + -9*100/(-90) a prime number?
False
Let d(q) be the third derivative of q**5/20 + q**4/3 - 5*q**3/2 + q**2 + 12. Is d(10) a composite number?
True
Let t = -179 + -580. Let h = -394 - t. Is h a composite number?
True
Let f(r) = 17*r**3 + 6*r**2 - 5*r - 7. Is f(4) prime?
False
Suppose 0 = 4*o - 2*o. Let n(a) = -18*a**2 + a + o*a + 0*a + 202*a**2. Is n(1) prime?
False
Let j(b) = -34*b**3 - 2*b**2 - b. Let m be (((-15)/(-3))/5)/(-1). Is j(m) composite?
True
Let q be ((-1)/(9/(-12)))/(6/(-27)). Is 8094/12 - q/(-4) prime?
True
Let s be 45/(-5)*62 + -3*1. Let w = s + 1712. Is w a composite number?
False
Suppose 5*r - 45 = 4*d, 5*r + 2*d = r + 10. Suppose -2819 - 6 = -r*f. Let o = f - 328. Is o prime?
False
Suppose -5*f + 79507 = 23292. Is f composite?
False
Let i be (-1*2)/(2/143). Let g = 430 + i. Is g composite?
True
Suppose 4 = 2*o + 12. Let j be 32/12*(-219)/o. Suppose h = -i + j, 2*h = -3*h + 2*i + 702. Is h a prime number?
False
Let y(k) = -k**2 + 28*k - 14. Let z be y(21). Suppose -2*l - z = -q, 4*l - 3*l = 2*q - 257. Is q prime?
True
Let t(c) be the first derivative of 2*c**2 - 12*c + 7. Let h be t(4). Suppose -339 + h = -5*d. Is d a composite number?
False
Let p(s) = s**2 + s + 4. Let v be p(-4). Suppose -4*i - v + 8 = 0. Is i/(-4) - (-975)/6 a prime number?
True
Let o(q) be the first derivative of 23*q**2 - 7*q - 4. Let t be o(8). Suppose 5*k - 1094 - t = 0. Is k composite?
True
Let r be 1*(-3)/(-6)*8. Let s = r + -1. Is 29 - (-3 + s + -2) prime?
True
Is 8700 - (-3 + -4 + 2) a composite number?
True
Suppose -5313 + 118287 = 6*w. Is w a composite number?
True
Let s(b) = -b**2 + 3. Let a be s(0). Suppose -8754 = a*l - 9*l. Is l prime?
True
Suppose g + 116 - 1484 = 3*r, 0 = -5*g - 4*r + 6745. Suppose -5*y = 7*u - 11*u + g, 1016 = 3*u - 5*y. Is u a composite number?
False
Suppose -12 = 3*u + u. Is 2125 - u/(3/4) a prime number?
True
Suppose 4*u + 99282 = 10*u. Is u prime?
True
Let s = 34342 + -20085. Is s a prime number?
False
Let l(c) be the first derivative of 10*c**3 - 5*c**2/2 + 12*c - 3. Is l(5) a prime number?
False
Let j(s) = -34*s - 13. Let t be j(7). Let p = t - -892. Suppose 0 = 3*x + 2*k - p, 6*x - 2*x - 850 = 2*k. Is x composite?
True
Let s be 3 + 112 + -4 + 8. Suppose -5*m + 1896 = -s. Is m prime?
False
Let y be -12*(21/(-4) + -3). Is 4/18 - (-20669)/y composite?
True
Let l(h) = -3334*h + 519. Is l(-8) prime?
True
Is 3 + 8266 + -3 - 3 prime?
True
Let m = -3525 - -7082. Is m composite?
False
Let o(m) = 2453*m + 59. Is o(4) a prime number?
True
Is (-5)/1 - (9 + -11049) a prime number?
False
Suppose 0*s - s + q + 20531 = 0, -5*s + q + 102639 = 0. Suppose -5*r - 4*x - s = -1296, 2*r - 4*x + 7670 = 0. Is (r/12)/(-7)*4 prime?
False
Let t(s) = 2*s - 4. Let v be t(3). Suppose 16 - 43 = -g - 3*z, v*z - 31 = -g. Is g prime?
False
Let c(y) = 33*y**2 - 5*y + 51. Is c(11) a prime number?
True
Is 33/(-66) - 9846/(-4) a prime number?
False
Let q(p) = 3*p**3 + 4*p - 2*p**2 - p**3 + 3*p. Let y be q(6). Suppose 5*g - 2*g - y = 0. Is g prime?
False
Let h(a) = -20*a - 4. Let i be h(-1). Is 1844/16 - (-3 - (-52)/i) prime?
False
Suppose -10*s = -19*s + 15669. Suppose 3*d - 2*u = s, 2*d - 207 = -4*u + 975. Is d composite?
True
Let x(m) = 626*m + 67. Is x(18) a composite number?
True
Let g be (-206)/4*(-10 + 20). Let l = g + 738. Is l prime?
True
Is 9/(-24) - ((-62355)/8 - -5) a prime number?
True
Let k(c) = -c**2 + 13*c + 13. Let q be (6 - -1)/((-1)/1). Let v = q - -18. Is k(v) a composite number?
True
Suppose -4*o = -6*o + 16. Let y = o - 6. Suppose 2*m = -5*k + 234, -y*m - m + 2*k + 389 = 0. Is m composite?
False
Let j(f) = 309*f**2 - 2 + 305*f - 305*f. Is j(-1) a composite number?
False
Let g(f) be the first derivative of f**4/4 + 11*f**3/3 + 5*f**2 + 6*f + 10. Let d be g(-10). Suppose d*z + 67 = 1909. Is z a composite number?
False
Let s = 12 - 15. Is (s - (1 - -3))*-5 composite?
True
Suppose -2*p = -5*l + 2*l + 40, -4*p = -l. Suppose 0 = -4*x - l, 2*k = -0*k - x + 364. Suppose 103 + k = d. Is d composite?